r of 1967 and 225113?
7
Calculate the highest common factor of 77645196 and 216.
108
Calculate the highest common factor of 1867058 and 18163.
41
Calculate the highest common factor of 39422 and 16468.
46
Calculate the highest common divisor of 136167 and 303.
3
What is the greatest common factor of 56 and 288750?
14
Calculate the highest common divisor of 272106 and 20898.
54
Calculate the greatest common factor of 123120 and 1810.
10
What is the greatest common factor of 269483 and 1333?
31
Calculate the greatest common divisor of 2390 and 213666.
478
What is the greatest common divisor of 2091465 and 225?
45
What is the greatest common divisor of 1444237938 and 18?
18
Calculate the highest common divisor of 19538726 and 76.
38
Calculate the greatest common divisor of 792 and 322332.
12
Calculate the greatest common factor of 108 and 6286722.
6
What is the greatest common factor of 4488 and 1378872?
264
Calculate the highest common factor of 445456512 and 1152.
1152
Calculate the greatest common divisor of 13979418 and 15102.
5034
Calculate the greatest common factor of 35 and 253453530.
5
What is the greatest common factor of 2002 and 1852942?
182
What is the highest common divisor of 163911310 and 71?
71
What is the highest common divisor of 192 and 10731320?
8
What is the greatest common divisor of 1060356 and 78114?
1662
Calculate the greatest common factor of 449683 and 5291.
13
What is the greatest common factor of 45 and 47445?
15
What is the highest common factor of 165 and 1214840?
55
What is the highest common divisor of 3595837658 and 29?
29
What is the greatest common factor of 351757 and 1364?
31
What is the greatest common divisor of 87116084 and 44?
44
Calculate the highest common factor of 1560425532 and 12.
12
What is the greatest common divisor of 52052 and 45475430?
2002
What is the highest common factor of 12615 and 202664180?
4205
What is the highest common divisor of 32742384 and 12?
12
What is the highest common divisor of 835884 and 167679?
279
Calculate the highest common factor of 199 and 1055005067.
199
What is the greatest common divisor of 28557 and 37909?
167
What is the greatest common divisor of 8873 and 934?
467
Calculate the highest common divisor of 67539 and 445983.
141
Calculate the greatest common divisor of 3927 and 47072337.
51
Calculate the highest common factor of 392 and 256623437.
49
Calculate the greatest common divisor of 9 and 72424710.
9
Calculate the greatest common divisor of 133238 and 235162.
614
Calculate the highest common divisor of 42346134 and 18.
18
Calculate the greatest common divisor of 15192 and 1711210.
422
Calculate the greatest common factor of 362953461 and 11544.
1443
Calculate the highest common factor of 7871414 and 3579.
1193
Calculate the highest common divisor of 77 and 79608116.
7
What is the highest common divisor of 525776 and 1530?
34
Calculate the greatest common factor of 391 and 35475821.
391
Calculate the highest common divisor of 7448220 and 780.
780
What is the highest common divisor of 2943471 and 694347?
2001
Calculate the highest common divisor of 5145932 and 30932.
44
Calculate the greatest common factor of 104280 and 3930.
30
What is the highest common divisor of 5647356 and 2112?
132
Calculate the greatest common divisor of 3284 and 239938892.
3284
What is the highest common factor of 1032 and 3842738?
86
What is the highest common divisor of 17795 and 766765196?
3559
Calculate the highest common divisor of 10 and 3007503730.
10
Calculate the greatest common factor of 8018580 and 114.
6
Calculate the greatest common factor of 492 and 20616030.
246
What is the greatest common factor of 17793271 and 1462?
731
What is the greatest common divisor of 8559 and 28836?
27
Calculate the highest common factor of 1069522752 and 12.
12
What is the greatest common divisor of 1340 and 16935?
5
Calculate the greatest common divisor of 54692 and 458441.
113
Calculate the greatest common factor of 97600 and 128575.
25
What is the highest common factor of 322 and 44672670?
322
Calculate the highest common divisor of 319264 and 133408.
352
What is the highest common factor of 997642 and 1457?
31
Calculate the highest common divisor of 230213016 and 432.
216
What is the greatest common factor of 109940 and 61640?
460
What is the greatest common divisor of 10738214 and 37?
37
What is the greatest common divisor of 84526 and 262?
2
Calculate the highest common divisor of 39912 and 224.
8
Calculate the highest common divisor of 13806 and 65935155.
2301
What is the greatest common divisor of 5768 and 7445767?
721
What is the greatest common divisor of 5094495 and 5463479?
4193
Calculate the highest common factor of 267 and 19150308.
267
What is the highest common divisor of 2571480 and 648?
216
What is the highest common divisor of 104776371 and 63?
63
Calculate the greatest common factor of 920783065 and 5.
5
What is the greatest common factor of 1084099 and 2485?
71
What is the highest common divisor of 588705 and 1005?
15
What is the greatest common factor of 99680 and 352618?
1246
What is the highest common factor of 537339894 and 7?
7
What is the greatest common factor of 105 and 2033445?
15
What is the greatest common factor of 3146396 and 913?
11
What is the highest common factor of 814 and 639980?
22
Calculate the highest common factor of 2465 and 1506405.
145
Calculate the greatest common factor of 4852 and 125486.
2
What is the highest common divisor of 267 and 108326172?
267
Calculate the highest common factor of 35737 and 2652.
13
Calculate the greatest common factor of 780 and 2622945.
195
What is the highest common factor of 40056 and 258715028?
6676
Calculate the highest common divisor of 290864635 and 551.
551
What is the highest common divisor of 3996 and 135383148?
1332
Calculate the highest common divisor of 684 and 127345752.
684
Calculate the highest common factor of 121694244 and 7973.
469
Calculate the highest common factor of 4506 and 12102.
6
Calculate the greatest common factor of 536 and 27256002.
134
Calculate the greatest common divisor of 761357778 and 114.
114
What is the greatest common factor of 30628449 and 27?
27
Calculate the greatest common divisor of 2856 and 1507492.
476
Calculate the highest common divisor of 17974 and 419782.
22
Calculate the greatest common divisor of 107877308 and 847.
847
Calculate the highest common factor of 3435 and 4040835.
15
What is the greatest common divisor of 496950601 and 98?
49
Calculate the greatest common factor of 25605 and 2520.
45
What is the highest common factor of 241968 and 3232?
16
Calculate the greatest common factor of 36623548 and 52.
52
Calculate the greatest common divisor of 57 and 58563814.
19
What is the greatest common factor of 270613 and 12663?
469
Calculate the highest common divisor of 3529834 and 70.
14
What is the highest common divisor of 88 and 438845?
11
What is the greatest common factor of 458052 and 793596?
492
What is the highest common divisor of 85417 and 248236?
229
Calculate the greatest common divisor of 1291577416 and 7703.
7703
What is the highest common factor of 203304 and 78406?
394
What is the greatest common divisor of 5125 and 8531375?
125
What is the greatest common factor of 615729825 and 25?
25
What is the greatest common factor of 6027 and 11835019?
2009
Calculate the greatest common divisor of 5108598 and 209.
11
What is the highest common factor of 243495 and 194355?
315
Calculate the greatest common factor of 152 and 3035041.
19
Calculate the highest common divisor of 1752336 and 79206.
258
Calculate the highest common divisor of 47542300 and 200.
100
What is the highest common divisor of 8 and 3874084?
4
What is the highest common factor of 25668 and 55318818?
4278
What is the highest common factor of 27741500 and 75?
25
What is the highest common divisor of 4808993 and 966?
7
What is the greatest common divisor of 1369908 and 72?
36
What is the greatest common factor of 447875 and 3375?
125
Calculate the highest common factor of 2040 and 72822540.
60
Calculate the greatest common divisor of 36707 and 195426.
517
What is the greatest common divisor of 6860 and 2695297430?
3430
Calculate the greatest common factor of 8421885 and 13433.
101
What is the